by 97?
71
What is the remainder when 20662904 is divided by 6887622?
38
Calculate the remainder when 674442 is divided by 7027.
6877
Calculate the remainder when 248527 is divided by 246303.
2224
Calculate the remainder when 14848878 is divided by 95.
93
What is the remainder when 662439100 is divided by 102?
100
What is the remainder when 115154 is divided by 926?
330
What is the remainder when 8798580 is divided by 5762?
6
Calculate the remainder when 3051362 is divided by 145302.
20
What is the remainder when 114064 is divided by 37061?
2881
Calculate the remainder when 3507562 is divided by 701509.
17
What is the remainder when 574706 is divided by 15964?
2
Calculate the remainder when 296293 is divided by 147991.
311
Calculate the remainder when 23739008 is divided by 94956.
8
Calculate the remainder when 226046050 is divided by 33.
10
Calculate the remainder when 6318688 is divided by 49.
40
Calculate the remainder when 175608 is divided by 86286.
3036
What is the remainder when 36751467 is divided by 1213?
1206
What is the remainder when 158959 is divided by 7218?
163
What is the remainder when 6350915 is divided by 331?
18
Calculate the remainder when 597855 is divided by 25992.
39
What is the remainder when 2822034 is divided by 3108?
3078
Calculate the remainder when 1034508 is divided by 344731.
315
What is the remainder when 14652 is divided by 10171?
4481
What is the remainder when 1018687 is divided by 1018306?
381
Calculate the remainder when 10745189 is divided by 84.
77
Calculate the remainder when 3269771 is divided by 8515.
11
Calculate the remainder when 126520124 is divided by 63260058.
8
Calculate the remainder when 11322310 is divided by 6.
4
What is the remainder when 322787 is divided by 49?
24
What is the remainder when 126172 is divided by 1402?
1394
Calculate the remainder when 3481432 is divided by 391.
359
What is the remainder when 2194283 is divided by 438856?
3
What is the remainder when 722556 is divided by 240633?
657
What is the remainder when 4190 is divided by 1391?
17
Calculate the remainder when 45456 is divided by 21303.
2850
What is the remainder when 512274 is divided by 1792?
1554
What is the remainder when 294602 is divided by 12?
2
What is the remainder when 863806 is divided by 88?
86
Calculate the remainder when 2793489 is divided by 336.
321
What is the remainder when 574214 is divided by 4079?
3154
Calculate the remainder when 35623 is divided by 443.
183
What is the remainder when 1765228 is divided by 103822?
254
What is the remainder when 50351 is divided by 16299?
1454
Calculate the remainder when 184050075 is divided by 36810015.
0
Calculate the remainder when 368057 is divided by 73597.
72
What is the remainder when 128821 is divided by 32143?
249
What is the remainder when 51163866 is divided by 4897?
10
Calculate the remainder when 2718359 is divided by 543640.
159
What is the remainder when 49901705 is divided by 7383?
8
Calculate the remainder when 10463 is divided by 92.
67
Calculate the remainder when 38528955 is divided by 3040.
3035
What is the remainder when 6635670 is divided by 1238?
1228
What is the remainder when 237826556 is divided by 386?
376
Calculate the remainder when 2918770 is divided by 1459373.
24
What is the remainder when 37716 is divided by 33230?
4486
Calculate the remainder when 1030257 is divided by 20201.
6
What is the remainder when 3475 is divided by 3382?
93
Calculate the remainder when 19885 is divided by 2775.
460
Calculate the remainder when 2015142 is divided by 224.
38
Calculate the remainder when 45484 is divided by 7463.
706
What is the remainder when 45356 is divided by 22613?
130
What is the remainder when 415833 is divided by 51922?
457
Calculate the remainder when 12639952 is divided by 2527984.
32
What is the remainder when 18521806 is divided by 57?
55
What is the remainder when 3505474 is divided by 107?
47
Calculate the remainder when 1453113 is divided by 1611.
1602
Calculate the remainder when 4136786 is divided by 20479.
28
What is the remainder when 49423 is divided by 4475?
198
What is the remainder when 92705 is divided by 22983?
773
What is the remainder when 77715 is divided by 72304?
5411
What is the remainder when 180425620 is divided by 36085123?
5
What is the remainder when 4018731 is divided by 523?
522
Calculate the remainder when 110944 is divided by 2638.
148
Calculate the remainder when 90074 is divided by 6641.
3741
What is the remainder when 581059 is divided by 408?
67
Calculate the remainder when 14054868 is divided by 19.
17
What is the remainder when 125406 is divided by 516?
18
What is the remainder when 379812 is divided by 9993?
78
Calculate the remainder when 156030041 is divided by 733.
729
What is the remainder when 263479947 is divided by 1725?
1722
What is the remainder when 123982 is divided by 18?
16
What is the remainder when 1624553 is divided by 138?
17
Calculate the remainder when 56575622 is divided by 1963.
1962
Calculate the remainder when 93020784 is divided by 715.
714
What is the remainder when 44649 is divided by 7253?
1131
What is the remainder when 15300360 is divided by 201?
39
What is the remainder when 139142 is divided by 6049?
15
What is the remainder when 26477299 is divided by 13?
4
What is the remainder when 8334319 is divided by 833431?
9
What is the remainder when 378616 is divided by 75252?
2356
Calculate the remainder when 83945286 is divided by 83.
82
What is the remainder when 8086509 is divided by 2695488?
45
Calculate the remainder when 3568139 is divided by 245.
204
What is the remainder when 5604 is divided by 3431?
2173
Calculate the remainder when 584120635 is divided by 240.
235
What is the remainder when 336557 is divided by 56067?
155
What is the remainder when 19928097 is divided by 2491010?
17
What is the remainder when 274114 is divided by 2078?
1896
Calculate the remainder when 677644 is divided by 919.
341
What is the remainder when 8176677 is divided by 34212?
9
What is the remainder when 159801 is divided by 1666?
1531
Calculate the remainder when 1168466 is divided by 15790.
6
What is the remainder when 201907 is divided by 42?
13
Calculate the remainder when 1612567 is divided by 124043.
8
What is the remainder when 158831 is divided by 17?
0
Calculate the remainder when 135211 is divided by 310.
51
Calculate the remainder when 8703364 is divided by 141.
139
Calculate the remainder when 1825397 is divided by 58877.
210
What is the remainder when 297820451 is divided by 12?
11
What is the remainder when 24486 is divided by 394?
58
Calculate the remainder when 5432 is divided by 2705.
22
Calculate the remainder when 558518 is divided by 186149.
71
What is the remainder when 12506387 is divided by 85?
82
Calculate the remainder when 397819726 is divided by 16.
14
Calculate the remainder when 61556732 is divided by 35.
27
Calculate the remainder when 63369 is divided by 63002.
367
Calculate the remainder when 4458664 is divided by 685.
684
What is the remainder when 199162 is divided by 6226?
6156
Calculate the remainder when 8458 is divided by 104.
34
What is the remainder when 1008698 is divided by 4134?
2
Calculate the remainder when 10523969 is divided by 201.
11
What is the remainder when 735580229 is divided by 2310?
2309
What is the remainder when 10560156 is divided by 77?
68
What is the remainder when 3086681 is divided by 525?
206
What is the remainder when 41294 is divided by 5899?
1
Calculate the remainder when 241291 is divided by 81.
73
Calculate the remainder when 99369 is divided by 753.
726
What is the remainder when 50313 is divided by 8350?
213
What is the remainder when 2315360 is divided by 1086?
8
Calculate the remainder when 3558189 is divided by 2485.
2154
What is the remainder when 21380306 is divided by 2375589?
5
Calculate the remainder when 2467440 is divided by 39.
27
What is the remainder when 3552344 is divided by 3259?
34
Calculate the remainder when 47661504 is divided by 83.
82
What is the remainder when 513651 is divided by 3515?
461
What is the remainder when 178328 is divided by 25469?
45
What is the remainder when 112264 is divided by 4884?
4816
What is the remainder when 92777 is divided by 30917?
26
What is the remainder whe